(-3). Suppose 7*o - x*o - 234 = 0. What is the tens digit of o?
7
Suppose 0 = 7*f - 95874 + 28765. What is the tens digit of f?
8
Suppose 158*x - 1936211 = 53*x + 347014. What is the hundreds digit of x?
7
Let n be 3 - 10 - (76 + 3). Let u(r) = 52*r + 1. Let h be u(2). Let b = n + h. What is the units digit of b?
9
Let n = 3537 - 1509. Suppose m - i - 1289 = 0, -4*i + 8455 = 5*m + n. What is the units digit of m?
7
Suppose 3*f - 9*d + 13*d - 17993 = 0, 6002 = f - 3*d. What is the tens digit of f?
9
Suppose -4*c + 24747 = 29*c - 47424. What is the thousands digit of c?
2
Suppose -94*f = -33972 - 365058. What is the thousands digit of f?
4
Let g = -184 - -215. Suppose -21*b - 3760 = -g*b. What is the units digit of b?
6
Let d(h) = 5*h**3 - 7*h**2 + 6*h + 6. Let n = 3 - 0. What is the tens digit of d(n)?
9
Suppose 189*i = -51*i + 2613600. What is the tens digit of i?
9
Let a(w) = -5*w**2 + w**3 - 19 + 21*w - 10*w + 0*w**2 - 2*w**2. What is the units digit of a(6)?
1
Let g = -97 + 178. Suppose -3*d + 5*z = -d - g, 3*d + 3*z = 111. What is the units digit of d?
8
Let y(n) = 8*n - 7 - 19*n + 6*n. Suppose -10*t - 16 = 44. What is the units digit of y(t)?
3
Suppose 0 = 7*h - 4*h + 6, -2*h + 4 = 2*g. Suppose -x = 5*i - 0*x - 10, -g*i = -2*x - 8. Suppose 6*w = i*w + 280. What is the tens digit of w?
7
Let k(j) = -j**2 + 10*j + 13. Let p be k(11). Let v be -1*(-107)/(p/2). Suppose l = 3*o - v, o + 5*l = 3*l + 38. What is the units digit of o?
6
Let g(y) = 76*y + 2. Let h be -15*(-1 + (-6)/(-10)). Suppose b + 19 = -5*p, -h*b + 4*b - 5*p - 18 = 0. What is the tens digit of g(b)?
7
Let p be (-22)/55 - ((-138282)/(-10))/(-3). Suppose 3*n - p = -8*n. What is the units digit of n?
9
Let f(x) = 10*x**2 - 9*x**2 + 7*x + 6 - 7. Let z be f(11). Let s = z + -104. What is the units digit of s?
3
Let t = 7455 + -3233. What is the thousands digit of t?
4
What is the thousands digit of ((0 - 2) + -2)/(108/(-371574))?
3
Let y(u) = u**2 + 1. Let h(p) = 117*p**2 - 3*p + 8. Let i(w) = -h(w) + 6*y(w). Let z be i(6). What is the tens digit of (3/(-6))/(10/z)?
9
Let b(p) = -8*p - 2. Let v be b(-1). Let c be (-3)/v*(-4 + 2). Suppose -c = -2*h + 13. What is the units digit of h?
7
Let q be 16/(-10)*(-315)/(-6). Let b = 382 + q. What is the units digit of b?
8
Suppose 0 = 2*x - 5*x + 15. Let z be ((3 - x) + 1)*1 - -3. Suppose -z*r = -r - 28. What is the units digit of r?
8
Suppose u = 4, -c - 4*u + 32 = 3*c. Suppose v = -m + 798, -6*v + 7*v = c*m + 773. What is the tens digit of v?
9
Let u = 13788 + 427. What is the units digit of u?
5
Let u = 8 + 2. Let b be 1/(u/4)*205/41. Suppose b*v + 6 = 0, -6*k + 7*k + 4*v - 170 = 0. What is the tens digit of k?
8
Suppose 2*t = 5*z + 20, z - 4*z - t - 1 = 0. What is the tens digit of 7 + z - (-126 - 3)?
3
Let c be (-10 - -10)/(-1*2). Suppose c = 4*u - 7 + 7. Suppose u*a - 3*a + 189 = 0. What is the units digit of a?
3
Suppose 105*p + 2401504 = 389*p. What is the units digit of p?
6
Suppose 125 = 4*w - 91. Let p be ((-15)/(-18))/(9/w). Suppose -p*l + 184 = 3*l. What is the tens digit of l?
2
What is the hundreds digit of -3*((-27)/(-3) + -6504)?
4
Suppose 253 = 7*y + 16*y. Suppose -4*k + 4800 = y*k. What is the units digit of k?
0
Let m(r) = 18*r + 4*r + 195 + 7*r + 15. What is the hundreds digit of m(36)?
2
Let v = 28483 - 13595. What is the ten thousands digit of v?
1
Suppose -2*t = 4*q - 6, 3*t - 2*q - 18 = 7. Let w be (-6 - 152/(-28)) + 72/28. Suppose 0 = -w*c + t + 49. What is the units digit of c?
8
What is the hundreds digit of -9*1*-1318 - (-5 - (-12 + 9))?
8
Let k(z) = 35*z**2 + 3*z - 30. Let f be k(-6). Let d = f - 619. What is the units digit of d?
3
Let l(h) = 625*h**2 + 8*h + 7. What is the units digit of l(-3)?
8
Let y(j) = -j**3 - 4*j**2 + 4*j + 11. Let o be y(-6). Let q = 63 - o. What is the hundreds digit of (q - (-676)/8)/((-2)/(-4))?
1
What is the thousands digit of (-6915)/9*(-1026)/285?
2
Let b(v) = -8*v - 3. Let f be b(-1). Let h be (f + (-390)/9)/(3/18). Let l = 384 + h. What is the units digit of l?
4
Suppose -31*n - 27*n = n - 3056672. What is the ten thousands digit of n?
5
Let o = 100 + -97. Suppose c - 293 = -0*g + g, o*g + 12 = 0. What is the tens digit of c?
8
Let j(l) = l + 270. Let s be j(-35). Let a be (-2)/(-5) - (-2)/(-5). Suppose 3*r - 4*m - s = a, -r + 24 = 3*m - 63. What is the units digit of r?
1
Let p be (-2 + 15/10)*12. What is the hundreds digit of 2*-5*(-3)/p - -622?
6
What is the tens digit of 12/1*12/(252/889)?
0
What is the ten thousands digit of 196441/13 - (8 - 424/52)?
1
Suppose -123480 = -2*i - 3*v, 19454 - 142938 = -2*i - 2*v. What is the units digit of i?
6
Let h be (-2)/1*(-16 - -15). What is the units digit of (h - (-12)/16)/((-3)/(-276))?
3
What is the hundreds digit of (-27363 + -3)*(13/12 + (-120)/96)?
5
Suppose 3*x = -37 + 25, 2918 = 2*d + 2*x. What is the hundreds digit of d?
4
Suppose -3*b - 33 = -3*s, -s + 43 = s + 5*b. Suppose 4*i + 760 = s*i. What is the tens digit of i?
7
Let v = 12 - -9. Suppose -11 = 2*f - 3*n, 5*n - v = -f + 3*f. Suppose f*c - 360 = -7*c. What is the units digit of c?
0
Suppose -4*j - 5*s = 1399 - 7991, 3*j - 3*s - 4917 = 0. Let m = j + -1095. What is the hundreds digit of m?
5
Let y(c) be the first derivative of 22 + 37*c - 3/2*c**2. What is the tens digit of y(-17)?
8
Suppose 0 = -50*h + 32*h + 36432. Suppose h = 2*v - 3*g, 1625 = v - g + 612. What is the tens digit of v?
1
Let c = -238 - -237. What is the tens digit of -5 - (9 + -11 + 1277*c)?
7
Let j(n) = 5*n**3 + 7*n**2 - 8*n - 133. What is the hundreds digit of j(23)?
2
Let o be -2 + 1*-48 + 3. Let r = o + 79. Suppose 34 = z - r. What is the units digit of z?
6
Let s be 7/3 - 4/12. Suppose 2*h = -5*y + 26, -6 = -y - s*h + 4. What is the tens digit of 1795/10 + 2/y?
8
Let f be 98/(-42) - 3/(-9). What is the units digit of -3 - f - (-3 - 467)?
9
What is the hundreds digit of -15*(-8)/(-12) + (-37 - -2039)?
9
Let r = -838 + 878. What is the tens digit of 82*(r/16)/5?
4
Let t be (1320/150)/((-2)/(-250)). Suppose -42*j + 43*j - t = 0. What is the units digit of j?
0
Let z be (-6)/(-33) + ((-17838)/(-11))/2. Suppose z = 3*c - 2951. What is the tens digit of c?
5
Let j(o) = 3*o - 59. Let a be j(20). What is the units digit of 5*65 + (-16)/4 + a?
2
Suppose r + 415 - 1604 = -5*a, r - 1210 = 2*a. What is the thousands digit of r?
1
Suppose 0*g = f + 2*g - 5378, 5374 = f + g. What is the tens digit of f?
7
Suppose -79 = -5*d - 4*n, -5*n - 1 = d - 0. Let m = -18 + d. What is the tens digit of (m + -90)/((-4)/4)?
8
What is the thousands digit of 1/((-4)/(-18516)) + -4 + 1?
4
What is the units digit of ((-7)/(105/2815))/(11/(-198))?
8
Suppose 7531 + 17361 = 4*a. What is the units digit of a?
3
Let n(x) = -x**3 + 11*x - 11. Let v be (-1 + -1)/(10 - 195/20). What is the units digit of n(v)?
3
Let w = 6786 - -1941. What is the units digit of w?
7
Let g = -2276 - -1391. Let f = 1357 + g. Suppose -24*n - f = -26*n. What is the tens digit of n?
3
Suppose 5*i = 0, 4*d + 6 = 5*i + 22. Suppose d*l - 2*c = 3*c + 2165, 0 = -l - 3*c + 554. What is the tens digit of 1/1 + l/5?
1
Let p(g) = g**3 + 28*g**2 + 26*g + 97. What is the units digit of p(-18)?
9
Let z(y) = 575*y - 1287. What is the tens digit of z(7)?
3
Let y = 19821 - 14025. What is the thousands digit of y?
5
Let o be (-21)/(-14)*2*1. Suppose 0 = 5*n - 6*n - o*n. Suppose n = 3*i - 4*i + 8. What is the units digit of i?
8
Suppose -m - m = -602. What is the tens digit of 1*m + (-168)/28?
9
Let y be (-2*336/(-35))/((-8)/(-540)). Suppose 3*m = y + 1299. What is the tens digit of m?
6
Let h be 1*44/(-66)*66/(-4). Suppose 4*n + 386 = p, -3*p - 15*n + 1174 = -h*n. What is the hundreds digit of p?
3
Let d(v) = -v**2 - 5*v + 6. Let h be d(-6). Suppose h = 15*q - 497 - 5683. What is the hundreds digit of q?
4
Suppose -21 = -8*l + l. Let t be (3/(-6) - 0)*(3 - l). Suppose t = -9*p + 4*p + 95. What is the units digit of p?
9
Suppose -r + 17764 = -3*f + 69910, 0 = 5*f + r - 86926. What is the hundreds digit of f?
3
Suppose -59*p + 52*p = -42. What is the hundreds digit of (-12304)/24*p/(-4)?
7
Let n(c) = -2*c**2 + c - 2. Let s be n(1). Let i be (s + -1 + 4)/2. Suppose i = -5*g - 3*g + 600. What is the tens digit of g?
7
What is the tens digit of (24/(-30))/((-270641)/(-24605) 